es 5 divide 61229?
False
Is 290752 a multiple of 112?
True
Is 43 a factor of 14209608?
True
Does 13 divide 238524?
True
Is 242 a factor of 11705540?
True
Is 28 a factor of 6110888?
True
Is 7397653 a multiple of 24?
False
Is 17 a factor of 2292551?
False
Is 144967 a multiple of 2?
False
Is 82234 a multiple of 216?
False
Is 204 a factor of 13916?
False
Does 604 divide 216836?
True
Is 139 a factor of 99220?
False
Is 2852348 a multiple of 90?
False
Does 299 divide 116610?
True
Is 11 a factor of 3311902?
True
Is 4509188 a multiple of 55?
False
Is 3754 a multiple of 7?
False
Is 136191 a multiple of 264?
False
Is 11 a factor of 10819748?
False
Is 2196560 a multiple of 10?
True
Is 1123 a factor of 22075638?
False
Is 49 a factor of 2592541?
True
Is 1113167 a multiple of 16?
False
Is 792313 a multiple of 198?
False
Is 124749 a multiple of 167?
True
Is 345031 a multiple of 12?
False
Is 549 a factor of 1637844?
False
Is 1122825 a multiple of 33?
True
Does 40 divide 189840?
True
Does 149 divide 3819168?
True
Is 59 a factor of 316476?
True
Is 29 a factor of 578956?
True
Is 57 a factor of 192515?
False
Is 501534 a multiple of 18?
True
Is 56 a factor of 43953?
False
Is 3 a factor of 101965?
False
Does 43 divide 1506017?
False
Does 613 divide 286884?
True
Is 231 a factor of 907368?
True
Is 9406620 a multiple of 51?
False
Does 2 divide 235395?
False
Is 2400314 a multiple of 647?
False
Is 20374927 a multiple of 991?
False
Is 917686 a multiple of 202?
True
Does 76 divide 1190462?
False
Does 56 divide 6453709?
False
Does 86 divide 30315506?
False
Is 5358293 a multiple of 315?
False
Is 143500 a multiple of 82?
True
Is 146 a factor of 24582?
False
Does 2 divide 296095?
False
Is 114 a factor of 5588646?
False
Is 1141567 a multiple of 17?
True
Is 75 a factor of 382050?
True
Is 14814051 a multiple of 853?
True
Is 34 a factor of 466169?
False
Is 16 a factor of 28192?
True
Is 2644064 a multiple of 848?
True
Is 5959903 a multiple of 37?
False
Is 41 a factor of 324750?
False
Does 68 divide 676668?
True
Is 157918 a multiple of 56?
False
Does 81 divide 61567?
False
Is 8 a factor of 73811?
False
Is 620 a factor of 491047?
False
Is 8 a factor of 11036?
False
Is 6 a factor of 48888?
True
Does 7 divide 2533277?
False
Is 150877 a multiple of 19?
False
Is 7 a factor of 11658?
False
Is 53 a factor of 3731783?
True
Is 191100 a multiple of 39?
True
Is 1475086 a multiple of 89?
True
Is 3 a factor of 361845?
True
Is 184594 a multiple of 406?
False
Does 12 divide 66864?
True
Is 9815200 a multiple of 100?
True
Is 2548473 a multiple of 547?
True
Is 3482365 a multiple of 140?
False
Is 21 a factor of 37345?
False
Does 20 divide 17804?
False
Is 430 a factor of 146200?
True
Is 1950800 a multiple of 20?
True
Does 64 divide 1307520?
True
Does 26 divide 632658?
True
Does 112 divide 3526992?
True
Is 161 a factor of 14412008?
False
Is 3411857 a multiple of 73?
False
Is 179452 a multiple of 13?
True
Is 14 a factor of 1967581?
False
Does 37 divide 194764?
False
Does 4 divide 11287?
False
Is 1240 a factor of 1810590?
False
Is 686862 a multiple of 50?
False
Does 815 divide 3044025?
True
Does 17 divide 7815?
False
Does 66 divide 251155?
False
Is 39462 a multiple of 6?
True
Is 1812954 a multiple of 353?
False
Does 7 divide 224422?
False
Does 89 divide 358581?
True
Is 98462 a multiple of 91?
True
Is 8159490 a multiple of 14?
False
Is 121 a factor of 40752?
False
Is 192 a factor of 124800?
True
Does 678 divide 2846922?
True
Does 14 divide 8174880?
True
Does 27 divide 187381?
False
Is 320372 a multiple of 244?
True
Is 73531 a multiple of 23?
True
Is 4 a factor of 3056?
True
Does 21 divide 127235?
False
Is 6811012 a multiple of 26?
True
Is 663650 a multiple of 25?
True
Does 20 divide 216193?
False
Is 28 a factor of 733908?
True
Does 13 divide 305773?
True
Is 1690920 a multiple of 183?
True
Does 185 divide 542664?
False
Is 554302 a multiple of 274?
True
Does 18 divide 19102?
False
Is 6 a factor of 51841?
False
Is 63 a factor of 1516410?
True
Is 2 a factor of 22491?
False
Does 55 divide 119990?
False
Is 53 a factor of 338664?
False
Is 6 a factor of 1411791?
False
Does 13 divide 4915?
False
Is 50670 a multiple of 10?
True
Is 3 a factor of 40199?
False
Does 9 divide 144032?
False
Is 1792332 a multiple of 11?
False
Is 17 a factor of 3598330?
False
Is 568837 a multiple of 62?
False
Is 10607577 a multiple of 69?
True
Does 68 divide 526592?
True
Does 8 divide 18128?
True
Is 211 a factor of 303629?
True
Is 1405880 a multiple of 5?
True
Is 36 a factor of 62280?
True
Is 424617 a multiple of 19?
False
Is 16 a factor of 15884667?
False
Is 91471 a multiple of 43?
False
Is 165186 a multiple of 21?
True
Is 133429 a multiple of 107?
True
Is 16 a factor of 4930176?
True
Is 4 a factor of 222452?
True
Is 619718 a multiple of 6?
False
Is 23 a factor of 85652?
True
Is 429 a factor of 4384386?
False
Is 3316882 a multiple of 20?
False
Is 1443180 a multiple of 8?
False
Does 263 divide 5736823?
False
Is 1045674 a multiple of 6?
True
Is 61 a factor of 532443?
False
Does 13 divide 502764?
False
Is 6 a factor of 14835?
False
Does 63 divide 78346?
False
Is 1381 even?
False
Is 116 a factor of 1230605?
False
Is 115 a factor of 103385?
True
Does 12 divide 3012316?
False
Does 8 divide 31964?
False
Is 89262 a multiple of 54?
True
Does 29 divide 7008894?
True
Is 281133 a multiple of 17?
False
Does 404 divide 867986?
False
Is 55 a factor of 38720?
True
Is 16575726 a multiple of 1567?
True
Is 140841 a multiple of 38?
False
Does 425 divide 319175?
True
Is 368 a factor of 427616?
True
Is 5045075 a multiple of 178?
False
Is 315120 a multiple of 303?
True
Does 13 divide 12142?
True
Is 3811164 a multiple of 14?
True
Is 4 a factor of 68295?
False
Is 551399 a multiple of 806?
False
Does 73 divide 100229?
True
Is 6 a factor of 4076798?
False
Is 2958450 a multiple of 550?
True
Is 1021606 a multiple of 672?
False
Is 34 a factor of 626246?
True
Is 56 a factor of 1002064?
True
Is 823 a factor of 4813727?
True
Is 22 a factor of 4495216?
True
Does 89 divide 77474?
False
Does 15 divide 1114221?
False
Is 57596 a multiple of 238?
True
Does 10 divide 1249460?
True
Is 288433 a multiple of 408?
False
Does 29 divide 1854869?
True
Is 43 a factor of 27292?
False
Is 247 a factor of 204763?
True
Is 62364 a multiple of 2?
True
Is 236078 a multiple of 41?
True
Does 15 divide 2269245?
True
Does 126 divide 211806?
True
Does 23 divide 397827?
False
Is 245270 a multiple of 15?
False
Is 19 a factor of 125590?
True
Does 23 divide 237797?
True
Is 97 a factor of 1803223?
False
Is 5 a factor of 143895?
True
Is 117281 a multiple of 418?
False
Is 7 a factor of 6474832?
True
Is 794787 a multiple of 247?
False
Is 1027138 a multiple of 329?
True
Is 283 a factor of 28583?
True
Does 86 divide 2686468?
True
Does 40 divide 113560?
True
Does 64 divide 808194?
False
Is 51 a factor of 1466271?
False
Does 87 divide 94917?
True
Is 815596 a multiple of 89?
True
Is 566 a factor of 155776?
False
Is 562 a factor of 5867303?
False
Is 2445692 a multiple of 164?
False
Is 29 a factor of 472034?
False
Is 37 a factor of 9662143?
True
Does 812 divide 3004478?
False
Is 12 a factor of 31682?
False
Does 23 divide 192464?
True
Is 47 a factor of 202006?
True
Is 14 a factor of 1004010?
True
Is 5 a factor of 29610?
True
Is 209 a factor of 230945?
True
Does 9 divide 10350?
True
Does 31 divide 113894?
True
Does 192 divide 194304?
True
Is 13 a factor of 1541046?
True
Does 16 divide 1194778?
False
Is 12541176 a multiple of 84?
False
Does 34 divide 194344?
True
Is 924 a factor of 4956174?
False
Is 342504 a multiple of 2?
True
Is 3922305 a multiple of 24?
False
Is 511135 a multiple of 145?
False
Is 1368254 a multiple of 269?
False
Is 31 a factor of 1132430?
True
Is 8 a factor of 454761?
False
Is 23 a factor of 32016?
True
Is 449172 a multiple of 12?
True
Is 41985 a multiple of 27?
True
Does 160 divide 540?
False
Is 2654680 a multiple of 709?
False
Does 19 divide 2584057?
True
Is 209 a factor of 737143?
True
Is 424 a factor of 92289?
False
Is 1651260 a multiple of 156?
True
Is 82336 a multiple of 83?
True
Is 833883 a multiple of 16?
False
Is 63 a factor of 79758?
True
Is 88 a factor of 636152?
True
Is 63932 a multiple of 22?
True
Is 11 a factor of 18216?
True
Is 32 a factor of 17824?
True
Is 57 a factor of 884868